{"id":6213,"date":"2022-05-15T17:30:51","date_gmt":"2022-05-15T21:30:51","guid":{"rendered":"http:\/\/staging.danzadescalza.com\/fechas-de-talleres\/"},"modified":"2022-05-15T17:39:30","modified_gmt":"2022-05-15T21:39:30","slug":"fechas-de-talleres","status":"publish","type":"page","link":"http:\/\/staging.danzadescalza.com\/es\/fechas-de-talleres\/","title":{"rendered":"Fechas de talleres"},"content":{"rendered":"<p>[et_pb_section fb_built=&#8221;1&#8243; _builder_version=&#8221;4.16&#8243; background_color=&#8221;#f9f4ef&#8221; custom_padding=&#8221;30px||30px||true|&#8221; global_colors_info=&#8221;{}&#8221;][et_pb_row _builder_version=&#8221;4.16&#8243; global_colors_info=&#8221;{}&#8221;][et_pb_column type=&#8221;4_4&#8243; _builder_version=&#8221;4.16&#8243; global_colors_info=&#8221;{}&#8221;][et_pb_text _builder_version=&#8221;4.17.3&#8243; text_font=&#8221;|600|||||||&#8221; text_font_size=&#8221;24px&#8221; global_colors_info=&#8221;{}&#8221;]<\/p>\n<h1>Fechas de los talleres<\/h1>\n<p>[\/et_pb_text][\/et_pb_column][\/et_pb_row][et_pb_row _builder_version=&#8221;4.16&#8243; global_colors_info=&#8221;{}&#8221;][et_pb_column type=&#8221;4_4&#8243; _builder_version=&#8221;4.16&#8243; global_colors_info=&#8221;{}&#8221;][et_pb_text _builder_version=&#8221;4.17.3&#8243; text_font=&#8221;|600|||||||&#8221; text_font_size=&#8221;24px&#8221; global_colors_info=&#8221;{}&#8221;]<\/p>\n<h2>2022<\/h2>\n<p>[\/et_pb_text][\/et_pb_column][\/et_pb_row][et_pb_row _builder_version=&#8221;4.16&#8243; global_colors_info=&#8221;{}&#8221;][et_pb_column type=&#8221;4_4&#8243; _builder_version=&#8221;4.16&#8243; global_colors_info=&#8221;{}&#8221;][et_pb_text _builder_version=&#8221;4.17.3&#8243; text_font=&#8221;|600|||||||&#8221; text_font_size=&#8221;24px&#8221; global_colors_info=&#8221;{}&#8221;]<\/p>\n<p>Ateliers adultes<\/p>\n<p>[\/et_pb_text][et_pb_text _builder_version=&#8221;4.17.3&#8243; text_font=&#8221;||||||||&#8221; text_font_size=&#8221;14px&#8221; global_colors_info=&#8221;{}&#8221;]<\/p>\n<p><span style=\"font-weight: 400;\">Entre le 17 mai et le 21 Juin : Studio D 616<\/span><span style=\"font-weight: 400;\">\u00a0<\/span><\/p>\n<p>&nbsp;<\/p>\n<p>[\/et_pb_text][et_pb_text _builder_version=&#8221;4.17.3&#8243; text_font=&#8221;|600|||||||&#8221; text_font_size=&#8221;24px&#8221; global_colors_info=&#8221;{}&#8221;]<\/p>\n<h4><strong>Mon corps ma maison<\/strong><\/h4>\n<p>TALLERES Y CREACI\u00d3N DE DANZA PARA J\u00d3VENES<\/p>\n<p>[\/et_pb_text][\/et_pb_column][\/et_pb_row][et_pb_row column_structure=&#8221;1_2,1_2&#8243; _builder_version=&#8221;4.17.3&#8243; _module_preset=&#8221;default&#8221; global_colors_info=&#8221;{}&#8221;][et_pb_column type=&#8221;1_2&#8243; _builder_version=&#8221;4.17.3&#8243; _module_preset=&#8221;default&#8221; global_colors_info=&#8221;{}&#8221;][et_pb_text _builder_version=&#8221;4.17.3&#8243; text_font=&#8221;||||||||&#8221; text_font_size=&#8221;14px&#8221; min_height=&#8221;252.6px&#8221; custom_margin=&#8221;114px|||||&#8221; custom_padding=&#8221;||54px|||&#8221; hover_enabled=&#8221;0&#8243; global_colors_info=&#8221;{}&#8221; sticky_enabled=&#8221;0&#8243;]<\/p>\n<div class=\"et_pb_module et_pb_text et_pb_text_1  et_pb_text_align_left et_pb_bg_layout_light\">\n<div class=\"et_pb_text_inner\">\n<p style=\"text-align: center;\">8 de marzo al 3 de mayo 2022<\/p>\n<p style=\"text-align: center;\">4:30pm a 6pm<\/p>\n<\/div>\n<\/div>\n<div class=\"et_pb_text_inner\" style=\"text-align: center;\">\n<p>Actividad ofrecida como parte del ambiente vivo, en colaboraci\u00f3n con la Maison de la Culture Janine-Sutto y artistas del colectivo de danza contempor\u00e1nea Danza Descalza, que explora bailes culturales con j\u00f3venes y que resultar\u00e1 en una actuaci\u00f3n p\u00fablica en el Maison de la culture Janine-Sutto.<\/p>\n<p><strong>Precio:<\/strong> $0.00 Exento de Impuestos<\/p>\n<p><strong>Edad requerida :<\/strong> 9 a 12 el d\u00eda de la actividad<\/p>\n<p>Los talleres se llevar\u00e1n a cabo en el Chalet Parc Olivier Robert | 2325 Boulevard de Maisonneuve Est,<\/p>\n<\/div>\n<p style=\"text-align: center;\">[\/et_pb_text][\/et_pb_column][et_pb_column type=&#8221;1_2&#8243; _builder_version=&#8221;4.17.3&#8243; _module_preset=&#8221;default&#8221; global_colors_info=&#8221;{}&#8221;][et_pb_image src=&#8221;http:\/\/staging.danzadescalza.com\/wp-content\/uploads\/2022\/03\/affiche_promo_danse-1.png&#8221; title_text=&#8221;affiche_promo_danse (1)&#8221; _builder_version=&#8221;4.17.3&#8243; _module_preset=&#8221;default&#8221; width=&#8221;80.9%&#8221; custom_padding=&#8221;|63px|0px|||&#8221; global_colors_info=&#8221;{}&#8221;][\/et_pb_image][\/et_pb_column][\/et_pb_row][\/et_pb_section]<\/p>\n","protected":false},"excerpt":{"rendered":"<p>Fechas de los talleres2022Ateliers adultesEntre le 17 mai et le 21 Juin : Studio D 616\u00a0 &nbsp;Mon corps ma maison TALLERES Y CREACI\u00d3N DE DANZA PARA J\u00d3VENES 8 de marzo al 3 de mayo 2022 4:30pm a 6pm Actividad ofrecida como parte del ambiente vivo, en colaboraci\u00f3n con la Maison de la Culture Janine-Sutto y [&hellip;]<\/p>\n","protected":false},"author":5,"featured_media":3764,"parent":0,"menu_order":0,"comment_status":"closed","ping_status":"closed","template":"","meta":{"_et_pb_use_builder":"on","_et_pb_old_content":"","_et_gb_content_width":"","inline_featured_image":false},"_links":{"self":[{"href":"http:\/\/staging.danzadescalza.com\/es\/wp-json\/wp\/v2\/pages\/6213"}],"collection":[{"href":"http:\/\/staging.danzadescalza.com\/es\/wp-json\/wp\/v2\/pages"}],"about":[{"href":"http:\/\/staging.danzadescalza.com\/es\/wp-json\/wp\/v2\/types\/page"}],"author":[{"embeddable":true,"href":"http:\/\/staging.danzadescalza.com\/es\/wp-json\/wp\/v2\/users\/5"}],"replies":[{"embeddable":true,"href":"http:\/\/staging.danzadescalza.com\/es\/wp-json\/wp\/v2\/comments?post=6213"}],"version-history":[{"count":3,"href":"http:\/\/staging.danzadescalza.com\/es\/wp-json\/wp\/v2\/pages\/6213\/revisions"}],"predecessor-version":[{"id":6220,"href":"http:\/\/staging.danzadescalza.com\/es\/wp-json\/wp\/v2\/pages\/6213\/revisions\/6220"}],"wp:featuredmedia":[{"embeddable":true,"href":"http:\/\/staging.danzadescalza.com\/es\/wp-json\/wp\/v2\/media\/3764"}],"wp:attachment":[{"href":"http:\/\/staging.danzadescalza.com\/es\/wp-json\/wp\/v2\/media?parent=6213"}],"curies":[{"name":"wp","href":"https:\/\/api.w.org\/{rel}","templated":true}]}}

<p>[et_pb_section fb_built=&#8221;1&#8243; _builder_version=&#8221;4.16&#8243; background_color=&#8221;#f9f4ef&#8221; custom_padding=&#8221;30px||30px||true|&#8221; global_colors_info=&#8221;{}&#8221;][et_pb_row _builder_version=&#8221;4.16&#8243; global_colors_info=&#8221;{}&#8221;][et_pb_column type=&#8221;4_4&#8243; _builder_version=&#8221;4.16&#8243; global_colors_info=&#8221;{}&#8221;][et_pb_text _builder_version=&#8221;4.17.3&#8243; text_font=&#8221;|600|||||||&#8221; text_font_size=&#8221;24px&#8221; global_colors_info=&#8221;{}&#8221;]</p>
<h1>Fechas de los talleres</h1>
<p>[/et_pb_text][/et_pb_column][/et_pb_row][et_pb_row _builder_version=&#8221;4.16&#8243; global_colors_info=&#8221;{}&#8221;][et_pb_column type=&#8221;4_4&#8243; _builder_version=&#8221;4.16&#8243; global_colors_info=&#8221;{}&#8221;][et_pb_text _builder_version=&#8221;4.17.3&#8243; text_font=&#8221;|600|||||||&#8221; text_font_size=&#8221;24px&#8221; global_colors_info=&#8221;{}&#8221;]</p>
<h2>2022</h2>
<p>[/et_pb_text][/et_pb_column][/et_pb_row][et_pb_row _builder_version=&#8221;4.16&#8243; global_colors_info=&#8221;{}&#8221;][et_pb_column type=&#8221;4_4&#8243; _builder_version=&#8221;4.16&#8243; global_colors_info=&#8221;{}&#8221;][et_pb_text _builder_version=&#8221;4.17.3&#8243; text_font=&#8221;|600|||||||&#8221; text_font_size=&#8221;24px&#8221; global_colors_info=&#8221;{}&#8221;]</p>
<p>Ateliers adultes</p>
<p>[/et_pb_text][et_pb_text _builder_version=&#8221;4.17.3&#8243; text_font=&#8221;||||||||&#8221; text_font_size=&#8221;14px&#8221; global_colors_info=&#8221;{}&#8221;]</p>
<p><span style="font-weight: 400;">Entre le 17 mai et le 21 Juin : Studio D 616</span><span style="font-weight: 400;"> </span></p>
<p>&nbsp;</p>
<p>[/et_pb_text][et_pb_text _builder_version=&#8221;4.17.3&#8243; text_font=&#8221;|600|||||||&#8221; text_font_size=&#8221;24px&#8221; global_colors_info=&#8221;{}&#8221;]</p>
<h4><strong>Mon corps ma maison</strong></h4>
<p>TALLERES Y CREACIÓN DE DANZA PARA JÓVENES</p>
<p>[/et_pb_text][/et_pb_column][/et_pb_row][et_pb_row column_structure=&#8221;1_2,1_2&#8243; _builder_version=&#8221;4.17.3&#8243; _module_preset=&#8221;default&#8221; global_colors_info=&#8221;{}&#8221;][et_pb_column type=&#8221;1_2&#8243; _builder_version=&#8221;4.17.3&#8243; _module_preset=&#8221;default&#8221; global_colors_info=&#8221;{}&#8221;][et_pb_text _builder_version=&#8221;4.17.3&#8243; text_font=&#8221;||||||||&#8221; text_font_size=&#8221;14px&#8221; min_height=&#8221;252.6px&#8221; custom_margin=&#8221;114px|||||&#8221; custom_padding=&#8221;||54px|||&#8221; hover_enabled=&#8221;0&#8243; global_colors_info=&#8221;{}&#8221; sticky_enabled=&#8221;0&#8243;]</p>
<div class="et_pb_module et_pb_text et_pb_text_1  et_pb_text_align_left et_pb_bg_layout_light">
<div class="et_pb_text_inner">
<p style="text-align: center;">8 de marzo al 3 de mayo 2022</p>
<p style="text-align: center;">4:30pm a 6pm</p>
</div>
</div>
<div class="et_pb_text_inner" style="text-align: center;">
<p>Actividad ofrecida como parte del ambiente vivo, en colaboración con la Maison de la Culture Janine-Sutto y artistas del colectivo de danza contemporánea Danza Descalza, que explora bailes culturales con jóvenes y que resultará en una actuación pública en el Maison de la culture Janine-Sutto.</p>
<p><strong>Precio:</strong> $0.00 Exento de Impuestos</p>
<p><strong>Edad requerida :</strong> 9 a 12 el día de la actividad</p>
<p>Los talleres se llevarán a cabo en el Chalet Parc Olivier Robert | 2325 Boulevard de Maisonneuve Est,</p>
</div>
<p style="text-align: center;">[/et_pb_text][/et_pb_column][et_pb_column type=&#8221;1_2&#8243; _builder_version=&#8221;4.17.3&#8243; _module_preset=&#8221;default&#8221; global_colors_info=&#8221;{}&#8221;][et_pb_image src=&#8221;http://staging.danzadescalza.com/wp-content/uploads/2022/03/affiche_promo_danse-1.png&#8221; title_text=&#8221;affiche_promo_danse (1)&#8221; _builder_version=&#8221;4.17.3&#8243; _module_preset=&#8221;default&#8221; width=&#8221;80.9%&#8221; custom_padding=&#8221;|63px|0px|||&#8221; global_colors_info=&#8221;{}&#8221;][/et_pb_image][/et_pb_column][/et_pb_row][/et_pb_section]</p>

<p>Fechas de los talleres2022Ateliers adultesEntre le 17 mai et le 21 Juin : Studio D 616  &nbsp;Mon corps ma maison TALLERES Y CREACIÓN DE DANZA PARA JÓVENES 8 de marzo al 3 de mayo 2022 4:30pm a 6pm Actividad ofrecida como parte del ambiente vivo, en colaboración con la Maison de la Culture Janine-Sutto y [&hellip;]</p>
